pose -l*q + 6*q - 20 = 0. Let r = 28 + q. What are the prime factors of r?
2, 3
Let z(d) = d**2 + 6*d - 4. Let x be z(-4). Let a = x - -12. Suppose a = -3*y + 4*i + 119, 5*i + 213 - 8 = 5*y. List the prime factors of y.
3, 5
Let m(y) = y**3 + 2*y**2 - 9*y + 4. Let s be m(-4). What are the prime factors of 119 - 1/(-2)*s/4?
2, 3, 5
Suppose 10*l + 12 = -208. Let c(a) = -a**3 - 22*a**2 - 6*a + 8. List the prime factors of c(l).
2, 5, 7
Suppose -4*k - 3633 = -3*f, -10*f + 9*f = 3*k - 1224. List the prime factors of f.
3, 5
Let a = -18 + 18. Let h = 1 - -2. What are the prime factors of h - a*(-4)/(-4)?
3
Let p be -3*(-1)/2*2. Let g be p - (0 - 1 - 1). Suppose g*q + w = 2*w + 98, 0 = 3*q - 3*w - 54. List the prime factors of q.
2, 5
Let f be -6*(-18)/(-4)*-1. Let z = 31 - f. What are the prime factors of z?
2
Suppose -2*q + 7*q = 15. Suppose -3*o + 10 = -x, 2*x - 5 = -q*o - 2*x. Let r(j) = j + 2. What are the prime factors of r(o)?
5
Suppose -4*j + 25265 = -5*r + 8456, 0 = j - r - 4203. List the prime factors of j.
2, 3, 701
What are the prime factors of 1*6/(-9) - (-55177)/69?
17, 47
Let x be 12/(-28) + 9/21. Suppose x = -o - 5*f + 81, -o + 5*f - 2*f = -73. What are the prime factors of o?
2, 19
List the prime factors of (-14)/(-18) + -1 - (-201180)/378.
2, 7, 19
Let s(v) = v**2 - v + 3. Let t be s(0). Suppose 0 = -5*d + 5*w, 2*d - t*w = -5*w - 4. Let h(f) = -13*f - 1. What are the prime factors of h(d)?
2, 3
Suppose 5*n + 600 = -5*j, n - j = 4*j - 108. What are the prime factors of (-9)/3 - n*1?
5, 23
Let o(z) = -z**3 + 9*z**2 - 8*z + 5. Let f be o(8). Suppose 0*x + f*x = 10. Suppose -l + 4*a - 2*a + 34 = 0, -x*a + 116 = 4*l. What are the prime factors of l?
2, 3, 5
Let x(n) = n**3 + 4*n**2 - 4*n + 5. Let y be x(-5). Let h(d) = 6 + 9574*d - 9572*d + 27. List the prime factors of h(y).
3, 11
Let p = 0 + 4. List the prime factors of p.
2
Suppose 3*w - l - 4783 - 12960 = 0, -11834 = -2*w + 2*l. List the prime factors of w.
3, 73
Let c be (22/(-3))/((-3)/9). Let z = c - 21. List the prime factors of 13/z + (17 - 20).
2, 5
List the prime factors of (-81)/108 - 2075/(-4).
2, 7, 37
Let w(x) = 48*x**3 - 2*x**2 + 3*x - 2. Let i = -93 + 94. What are the prime factors of w(i)?
47
Let q = 2359 - 570. What are the prime factors of q?
1789
Suppose -5*r = -9*r - 8. Let b be 66/((-4)/(16/r)). Suppose b = 4*l + 4*g + 32, 3*l - 5*g = 99. List the prime factors of l.
2, 7
Let v(f) = f**2 + 13*f + 4. Let r be v(-13). Suppose r*b + 236 = 8*b. Suppose -3*g = -1 - b. List the prime factors of g.
2, 5
Suppose 8*t = 31*t - 67436. What are the prime factors of t?
2, 733
Let q = -1 - -1. Suppose q*w = w - 68. Suppose w = 3*m + m. What are the prime factors of m?
17
Let d(n) = 250*n - 26. What are the prime factors of d(3)?
2, 181
Suppose -14*w = -28*w + 11396. List the prime factors of w.
2, 11, 37
Let n be (24/8)/(6/64). Let h = n - -61. Suppose -6*m + h = -75. List the prime factors of m.
2, 7
Let m = 26 + 280. List the prime factors of m.
2, 3, 17
Let g(q) = -4*q - 10 + 2*q + 2*q + 4*q. Let a be g(9). Suppose 5*i + a = 6*i. List the prime factors of i.
2, 13
Suppose 8*u - 1034 = -5*z + 5*u, 0 = 3*u + 6. What are the prime factors of z?
2, 13
Let j = -8900 + 13720. What are the prime factors of j?
2, 5, 241
Let s = 116 - -326. What are the prime factors of s?
2, 13, 17
Let r be 1 + (0 + 6 - 3). Suppose -o - 4*i - 39 = -r*o, -2*i = 0. What are the prime factors of o/65 + (-218)/(-10)?
2, 11
Suppose 0 = 4*n - 5*r + 25, 0 - 20 = 4*n - 4*r. Let x(g) be the third derivative of -g**4/24 + 29*g**3/6 + 23*g**2. List the prime factors of x(n).
29
Suppose -2*s - s = -3, 0 = -y - s + 77. Suppose 5*r - 191 = g + 3*g, y = 2*r - 2*g. List the prime factors of r.
3, 13
Suppose 0 = i - a - 10, -4*i - 3*a + 34 - 1 = 0. Suppose 54 = 4*b - 2*v, -8*v + 13*v - 21 = -3*b. Suppose 7*m - b = i. What are the prime factors of m?
3
Let u(x) = 29*x**3 + 5*x**2 - 2*x + 1. What are the prime factors of u(3)?
823
List the prime factors of (-4)/24 + (-23975)/(-30).
17, 47
Suppose 11*o = 14*o - 720. Suppose 3*j + 2*d = d + o, 5*j - 402 = -d. What are the prime factors of j?
3
Let o be 0 + (6 - 6/3). Suppose -9 + 4 = -z - 2*i, 19 = 3*z + o*i. Let h = 38 - z. List the prime factors of h.
29
Suppose 10*m - 15*m + 345 = 0. Let r = -36 + m. List the prime factors of r.
3, 11
Let q be (2/4)/((-4)/(-48)). Let r be ((-21)/q)/7*-38. Let t = r - 11. What are the prime factors of t?
2
Let o = 82 - 56. Suppose -o = -q + b, 4*q = -2*b + 19 + 103. Suppose -3 = t - q. List the prime factors of t.
2, 13
Suppose 0 = -29*z + 31*z - 470. What are the prime factors of z?
5, 47
Let a(v) = -7*v**3 + 4*v**2 + 20*v - 10. What are the prime factors of a(-5)?
5, 173
Suppose 159 + 953 = 4*f. List the prime factors of f.
2, 139
Let k = -274 + 808. Suppose -5*f = 5*t - k - 586, -2*f = -3*t - 438. List the prime factors of f.
2, 3, 37
Let j(y) = -66*y - 474. What are the prime factors of j(-23)?
2, 3, 29
Let l = 167 + -400. Let s = -159 - l. What are the prime factors of s?
2, 37
Suppose -58 = -f + 3*b - 8*b, -b = 2. Let g = -34 + f. List the prime factors of g.
2, 17
Let y(s) = 53*s - 178. List the prime factors of y(59).
3, 983
Let r(l) = 39*l + 428. What are the prime factors of r(40)?
2, 7, 71
Suppose -198 = -2*s + k + k, -3*s = 3*k - 309. Let f = s - 40. List the prime factors of f.
61
Let p = 2492 - 862. List the prime factors of p.
2, 5, 163
Suppose -78*j - 657 = -81*j. Let f = -42 + 74. Suppose s = -5*h + j - 27, 3*s + f = h. List the prime factors of h.
2, 19
What are the prime factors of ((-2)/(-2))/((-20)/(-9 + -32191))?
2, 5, 7, 23
Suppose 33*f - 544 = 31*f. Let y = f + -169. List the prime factors of y.
103
Suppose 5*x - 248 = 137. Suppose -2*n = 4*o - 228 + 84, -n - o = -x. List the prime factors of n.
2, 41
What are the prime factors of (-61902)/(-152) - 1/4?
11, 37
Let w = -10 - -12. Suppose 4*v + 3 = -w*t + 11, -t - 5*v = -7. Suppose 181 = 4*y + q, 0 - t = -2*q. List the prime factors of y.
3, 5
Suppose 5*k - 97 = -2*a, -17 = -k + 2*a - 0*a. Let x = -8 + 4. Let o = k + x. What are the prime factors of o?
3, 5
Let y = -97 - 104. What are the prime factors of ((-2)/3)/(1 - (-203)/y)?
67
Suppose -c = -5*c - 5*h - 25, 2*c - 5 = h. Let k be 0 + c - (0 + 9). List the prime factors of 2/k + (-128)/(-9).
2, 7
Let m(t) = -t**2 + 24*t + 38. Let n be m(24). Let u = -2 + n. List the prime factors of u.
2, 3
Let s(x) = 31*x + 1. Let t be s(9). Suppose t = 6*k - 122. Suppose 0 = -6*m + k + 161. What are the prime factors of m?
2, 19
Let s(l) be the third derivative of -l**6/40 + l**5/15 - l**4/24 - 5*l**3/3 - 16*l**2. What are the prime factors of s(-3)?
2, 5, 11
Let r(z) = z**2 - 2*z + 6. Let b be r(5). Let l = -100 + b. Let p = l - -111. What are the prime factors of p?
2
Suppose 2*f + 5*x = 481, -4*x + 5*x = 5*f - 1243. What are the prime factors of f?
2, 31
Suppose 4*h + 4 = 5*h. Let d(q) = 2*q + 115. Let f be d(0). Suppose 0 = -4*a, -s = h*s - 3*a - f. List the prime factors of s.
23
Suppose 2*y - 5*i + 9*i = 924, 4*i = 3*y - 1366. What are the prime factors of y?
2, 229
Let w(g) = 32*g**2 - 2*g - 2. Let f(m) = m + 6. Let p be f(-7). What are the prime factors of w(p)?
2
Suppose -5*l = -4*x - 7, 4*l - 2 = 3*x + 3. Let k(t) = 3431*t - 235. Let h(r) = 44*r - 3. Let q(p) = -235*h(p) + 3*k(p). What are the prime factors of q(l)?
47
Suppose 10*f - 43 - 3597 = 0. What are the prime factors of f?
2, 7, 13
Let p(w) = -w**3 - 57*w**2 + 25*w - 63. What are the prime factors of p(-58)?
3, 617
Let b(y) = -y**2 + 13*y - 30. Let h be b(9). Let m(z) = z - 4. Let r be m(h). Suppose 0 = -n - c + 29, 39 = n + r*c + 7. What are the prime factors of n?
2, 13
Let x = 103 - 177. Let u(v) = -3*v**2 - v + 1. Let a be u(4). Let w = a - x. List the prime factors of w.
23
What are the prime factors of (7077/63)/(2/60)?
2, 5, 337
Suppose -10 = -5*f + 20. What are the prime factors of f/24 + (-94)/(-8)?
2, 3
Suppose 0 = -3*p + 6, -t - 14 = -4*t - p. Let k(r) = r**2 + 11*r - 6. What are the prime factors of k(t)?
2, 3
Let t = 91 - 94. Let d = t - -84. What are the prime factors of d?
3
Let g(c) = 5*c + 528. List the prime factors of g(0).
2, 3, 11
Let p(r) = r**3 + 26*r**2 + 10*r + 21. List the prime factors of p(9).
2, 3, 491
Suppose -5*j + 2672 = 